{"id":7,"date":"2021-01-26T18:36:50","date_gmt":"2021-01-26T17:36:50","guid":{"rendered":"http:\/\/zanetapawlik.pl\/?page_id=7"},"modified":"2026-02-23T18:44:38","modified_gmt":"2026-02-23T17:44:38","slug":"strona-glowna","status":"publish","type":"page","link":"https:\/\/zanetapawlik.pl\/index.php\/strona-glowna\/","title":{"rendered":"O autorce"},"content":{"rendered":"\n<div class=\"wp-block-group\"><div class=\"wp-block-group__inner-container is-layout-flow wp-block-group-is-layout-flow\">\n<div style=\"height:10px\" aria-hidden=\"true\" class=\"wp-block-spacer\"><\/div>\n<\/div><\/div>\n\n\n\n<h2 class=\"wp-block-heading has-text-align-center\"><\/h2>\n\n\n\n<div class=\"wp-block-media-text is-stacked-on-mobile\"><figure class=\"wp-block-media-text__media\"><img loading=\"lazy\" decoding=\"async\" width=\"512\" height=\"452\" src=\"https:\/\/zanetapawlik.pl\/wp-content\/uploads\/2024\/05\/cropped-image1-scaled-1-e1715774910473.jpeg\" alt=\"\" class=\"wp-image-2171 size-full\" srcset=\"https:\/\/zanetapawlik.pl\/wp-content\/uploads\/2024\/05\/cropped-image1-scaled-1-e1715774910473.jpeg 512w, https:\/\/zanetapawlik.pl\/wp-content\/uploads\/2024\/05\/cropped-image1-scaled-1-e1715774910473-300x265.jpeg 300w\" sizes=\"auto, (max-width: 512px) 100vw, 512px\" \/><\/figure><div class=\"wp-block-media-text__content\">\n<p>Autorka wsp\u00f3\u0142czesnej prozy o ludziach staj\u0105cych w obliczu \u017cyciowych wyzwa\u0144, kt\u00f3rzy poszukuj\u0105 mi\u0142o\u015bci, bezpiecze\u0144stwa i w\u0142asnej drogi. Pisze powie\u015bci obyczajowe i literatur\u0119 pi\u0119kn\u0105, \u0142\u0105cz\u0105c w\u0105tki psychologiczne z refleksj\u0105 nad codzienno\u015bci\u0105.<\/p>\n\n\n\n<p>Wyr\u00f3\u017cniona w konkursie na esej filozoficzny organizowany przez Gminn\u0105 Bibliotek\u0119 Publiczn\u0105 w Kozach (2025). Laureatka konkursu prozatorskiego pod patronatem Fundacji Olgi&nbsp;Tokarczuk (2024). <\/p>\n\n\n\n<p>Warsztat pisarski doskonali\u0142a podczas festiwalu literackiego G\u00f3ry Literatury pod kierunkiem dr. hab. Karola Maliszewskiego, Mi\u0142ki O. Malzahn, Zbigniewa Kruszy\u0144skiego, a tak\u017ce uko\u0144czy\u0142a kurs scenopisarstwa z&nbsp;Robertem Ma\u0142eckim (Maszyna do Pisania).<\/p>\n\n\n\n<p><\/p>\n\n\n\n<p>Przewodnicz\u0105ca Komisji ds. Komunikacji stowarzyszenia zawodowego pisarzy <strong>Unia Literacka<\/strong>.<\/p>\n\n\n\n<p>Absolwentka Akademii Ekonomicznej w Katowicach (obecnie Uniwersytet Ekonomiczny). Uko\u0144czy\u0142a studia podyplomowe na Akademii G\u00f3rno\u015bl\u0105skiej. Przez blisko dekad\u0119 wyst\u0119powa\u0142a na deskach Lekkiego Teatru Przeno\u015bnego. Laureatka I miejsca w XVIII Turnieju Sztuki Recytatorskiej Promuj \u015al\u0105sk.<\/p>\n\n\n\n<p><\/p>\n\n\n\n<p><\/p>\n\n\n\n<div class=\"wp-block-buttons is-layout-flex wp-block-buttons-is-layout-flex\">\n<div class=\"wp-block-button\"><a class=\"wp-block-button__link wp-element-button\" href=\"https:\/\/zanetapawlik.pl\/index.php\/dla-bibliotek-organizatorow\/\">Zapro\u015b mnie do swojej biblioteki<\/a><\/div>\n<\/div>\n\n\n\n<p>Instagram\/Facebook @zanetapawlik.autorka<\/p>\n\n\n\n<p><a href=\"https:\/\/pl.wikipedia.org\/wiki\/%C5%BBaneta_Pawlik\">Wikipedia<\/a><\/p>\n\n\n\n<p><a href=\"https:\/\/impresariatliteracki.pl\/autor\/?id=211\">Impresariat Literacki <\/a>&#8211; dla organizator\u00f3w spotka\u0144 autorskich.<\/p>\n<\/div><\/div>\n\n\n\n<div style=\"height:50px\" aria-hidden=\"true\" class=\"wp-block-spacer\"><\/div>\n\n\n\n<div class=\"wp-block-media-text has-media-on-the-right is-stacked-on-mobile\"><div class=\"wp-block-media-text__content\">\n<p>Zapa\u0142 tw\u00f3rczy nie wystarczy do napisania ksi\u0105\u017cki. O tym co zrobi\u0107, \u017ceby fabu\u0142a wci\u0105ga\u0142a, bohaterowie nie byli papierowi, a wreszcie jakimi prawami rz\u0105dzi si\u0119 rynek wydawniczy, opowiadam w bloku Pisanie\/Czytanie oraz w podca\u015bcie <em><a href=\"https:\/\/open.spotify.com\/show\/3hY0VDUOCnW21ZZCHz0O9T?si=f762c2a716754d85&amp;nd=1\" target=\"_blank\" rel=\"noreferrer noopener\">Pisarskie Dywagacje<\/a><\/em>.<\/p>\n<\/div><figure class=\"wp-block-media-text__media\"><img loading=\"lazy\" decoding=\"async\" width=\"954\" height=\"1024\" src=\"https:\/\/zanetapawlik.pl\/wp-content\/uploads\/2024\/05\/Zaneta-politex-101-e1715774956439-954x1024.jpg\" alt=\"\" class=\"wp-image-2169 size-full\" srcset=\"https:\/\/zanetapawlik.pl\/wp-content\/uploads\/2024\/05\/Zaneta-politex-101-e1715774956439-954x1024.jpg 954w, https:\/\/zanetapawlik.pl\/wp-content\/uploads\/2024\/05\/Zaneta-politex-101-e1715774956439-280x300.jpg 280w, https:\/\/zanetapawlik.pl\/wp-content\/uploads\/2024\/05\/Zaneta-politex-101-e1715774956439-768x824.jpg 768w, https:\/\/zanetapawlik.pl\/wp-content\/uploads\/2024\/05\/Zaneta-politex-101-e1715774956439-1140x1223.jpg 1140w, https:\/\/zanetapawlik.pl\/wp-content\/uploads\/2024\/05\/Zaneta-politex-101-e1715774956439.jpg 1397w\" sizes=\"auto, (max-width: 954px) 100vw, 954px\" \/><\/figure><\/div>\n\n\n\n<hr class=\"wp-block-separator has-css-opacity\"\/>\n\n\n\n<div style=\"height:22px\" aria-hidden=\"true\" class=\"wp-block-spacer\"><\/div>\n\n\n\n<h2 class=\"wp-block-heading\">Na ekranie<\/h2>\n\n\n\n<div style=\"height:25px\" aria-hidden=\"true\" class=\"wp-block-spacer\"><\/div>\n\n\n\n<div class=\"wp-block-group\"><div class=\"wp-block-group__inner-container is-layout-flow wp-block-group-is-layout-flow\">\n<div class=\"wp-block-columns is-layout-flex wp-container-core-columns-is-layout-9d6595d7 wp-block-columns-is-layout-flex\">\n<div class=\"wp-block-column is-layout-flow wp-block-column-is-layout-flow\">\n<figure class=\"wp-block-image size-large\"><a href=\"https:\/\/pytanienasniadanie.tvp.pl\/49205102\/chorwacja-jakiej-nie-znamy-ciekawostki\" target=\"_blank\" rel=\"noopener\"><img loading=\"lazy\" decoding=\"async\" width=\"640\" height=\"487\" src=\"https:\/\/zanetapawlik.pl\/wp-content\/uploads\/2021\/01\/Zaneta-Pawlik-w-TV.jpg\" alt=\"\" class=\"wp-image-211\" srcset=\"https:\/\/zanetapawlik.pl\/wp-content\/uploads\/2021\/01\/Zaneta-Pawlik-w-TV.jpg 640w, https:\/\/zanetapawlik.pl\/wp-content\/uploads\/2021\/01\/Zaneta-Pawlik-w-TV-300x228.jpg 300w, https:\/\/zanetapawlik.pl\/wp-content\/uploads\/2021\/01\/Zaneta-Pawlik-w-TV-508x387.jpg 508w\" sizes=\"auto, (max-width: 640px) 100vw, 640px\" \/><\/a><\/figure>\n\n\n\n<p style=\"font-size:18px\">W porannym programie  &#8222;<strong>Pytanie na \u015aniadanie<\/strong>&#8221; opowiadam o podr\u00f3\u017cy do Chorwacji. Zobacz ile ciekawostek mo\u017cna zmie\u015bci\u0107 w pi\u0119ciu minutach rozmowy.<\/p>\n\n\n\n<p><\/p>\n<\/div>\n\n\n\n<div class=\"wp-block-column is-layout-flow wp-block-column-is-layout-flow\">\n<figure class=\"wp-block-image size-large\"><a href=\"https:\/\/www.facebook.com\/comtv\/videos\/677016496776164\" target=\"_blank\" rel=\"noopener\"><img loading=\"lazy\" decoding=\"async\" width=\"960\" height=\"720\" src=\"https:\/\/zanetapawlik.pl\/wp-content\/uploads\/2022\/04\/277669692_5225969044114902_4445214215494228380_n.jpg\" alt=\"\" class=\"wp-image-1178\" srcset=\"https:\/\/zanetapawlik.pl\/wp-content\/uploads\/2022\/04\/277669692_5225969044114902_4445214215494228380_n.jpg 960w, https:\/\/zanetapawlik.pl\/wp-content\/uploads\/2022\/04\/277669692_5225969044114902_4445214215494228380_n-300x225.jpg 300w, https:\/\/zanetapawlik.pl\/wp-content\/uploads\/2022\/04\/277669692_5225969044114902_4445214215494228380_n-768x576.jpg 768w\" sizes=\"auto, (max-width: 960px) 100vw, 960px\" \/><\/a><\/figure>\n\n\n\n<p style=\"font-size:18px\"><strong>COM.TV o spektaklu<\/strong> \u201ePostmodernistyczne zachowania mi\u0142osne\u201d. Sztuka jest brutalnym opisem emocji os\u00f3b, kt\u00f3re wchodz\u0105 ze sob\u0105 w relacje mi\u0142osne.<\/p>\n<\/div>\n<\/div>\n<\/div><\/div>\n\n\n\n<div class=\"wp-block-buttons is-content-justification-center is-layout-flex wp-container-core-buttons-is-layout-16018d1d wp-block-buttons-is-layout-flex\">\n<div class=\"wp-block-button\"><a class=\"wp-block-button__link has-text-color has-background wp-element-button\" href=\"https:\/\/pytanienasniadanie.tvp.pl\/49205102\/chorwacja-jakiej-nie-znamy-ciekawostki\" style=\"border-radius:2px;color:#fffffa;background-color:#ba0c49\" target=\"_blank\" rel=\"noreferrer noopener\">Ogl\u0105dam \u015bniadani\u00f3wk\u0119<\/a><\/div>\n\n\n\n<div class=\"wp-block-button is-style-outline is-style-outline--1\"><a class=\"wp-block-button__link has-text-color wp-element-button\" href=\"https:\/\/www.facebook.com\/comtv\/videos\/677016496776164\" style=\"border-radius:2px;color:#ba0c49\" target=\"_blank\" rel=\"noreferrer noopener\">Ogl\u0105dam reporta\u017c <\/a><\/div>\n<\/div>\n\n\n\n<div class=\"wp-block-columns is-layout-flex wp-container-core-columns-is-layout-9d6595d7 wp-block-columns-is-layout-flex\">\n<div class=\"wp-block-column is-layout-flow wp-block-column-is-layout-flow\" style=\"flex-basis:66.66%\"><\/div>\n\n\n\n<div class=\"wp-block-column is-layout-flow wp-block-column-is-layout-flow\" style=\"flex-basis:33.33%\"><\/div>\n<\/div>\n\n\n\n<div class=\"wp-block-columns is-layout-flex wp-container-core-columns-is-layout-9d6595d7 wp-block-columns-is-layout-flex\">\n<div class=\"wp-block-column is-layout-flow wp-block-column-is-layout-flow\" style=\"flex-basis:66.66%\"><\/div>\n\n\n\n<div class=\"wp-block-column is-layout-flow wp-block-column-is-layout-flow\" style=\"flex-basis:33.33%\"><\/div>\n<\/div>\n\n\n\n<div style=\"height:24px\" aria-hidden=\"true\" class=\"wp-block-spacer\"><\/div>\n\n\n\n<hr class=\"wp-block-separator has-css-opacity\"\/>\n\n\n\n<h2 class=\"wp-block-heading has-text-align-center\">Powie\u015bci, kt\u00f3re mog\u0105 Ci\u0119 zainteresowa\u0107 <\/h2>\n\n\n\n<figure class=\"wp-block-image size-large\"><img loading=\"lazy\" decoding=\"async\" width=\"1024\" height=\"683\" src=\"https:\/\/zanetapawlik.pl\/wp-content\/uploads\/2025\/11\/POPIELATE-SLONCA-wybrane-057-1-1024x683.jpg\" alt=\"\" class=\"wp-image-2499\" srcset=\"https:\/\/zanetapawlik.pl\/wp-content\/uploads\/2025\/11\/POPIELATE-SLONCA-wybrane-057-1-1024x683.jpg 1024w, https:\/\/zanetapawlik.pl\/wp-content\/uploads\/2025\/11\/POPIELATE-SLONCA-wybrane-057-1-300x200.jpg 300w, https:\/\/zanetapawlik.pl\/wp-content\/uploads\/2025\/11\/POPIELATE-SLONCA-wybrane-057-1-768x512.jpg 768w, https:\/\/zanetapawlik.pl\/wp-content\/uploads\/2025\/11\/POPIELATE-SLONCA-wybrane-057-1-1536x1025.jpg 1536w, https:\/\/zanetapawlik.pl\/wp-content\/uploads\/2025\/11\/POPIELATE-SLONCA-wybrane-057-1-2048x1367.jpg 2048w, https:\/\/zanetapawlik.pl\/wp-content\/uploads\/2025\/11\/POPIELATE-SLONCA-wybrane-057-1-1140x761.jpg 1140w\" sizes=\"auto, (max-width: 1024px) 100vw, 1024px\" \/><\/figure>\n\n\n\n<div class=\"wp-block-columns alignwide is-layout-flex wp-container-core-columns-is-layout-9d6595d7 wp-block-columns-is-layout-flex\">\n<div class=\"wp-block-column is-layout-flow wp-block-column-is-layout-flow\"><\/div>\n\n\n\n<div class=\"wp-block-column is-layout-flow wp-block-column-is-layout-flow\"><\/div>\n<\/div>\n\n\n\n<ul class=\"wp-block-social-links is-style-logos-only is-layout-flex wp-block-social-links-is-layout-flex\"><li class=\"wp-social-link wp-social-link-instagram  wp-block-social-link\"><a href=\"https:\/\/www.instagram.com\/zanetapawlik.autorka\" class=\"wp-block-social-link-anchor\"><svg width=\"24\" height=\"24\" viewBox=\"0 0 24 24\" version=\"1.1\" xmlns=\"http:\/\/www.w3.org\/2000\/svg\" aria-hidden=\"true\" focusable=\"false\"><path d=\"M12,4.622c2.403,0,2.688,0.009,3.637,0.052c0.877,0.04,1.354,0.187,1.671,0.31c0.42,0.163,0.72,0.358,1.035,0.673 c0.315,0.315,0.51,0.615,0.673,1.035c0.123,0.317,0.27,0.794,0.31,1.671c0.043,0.949,0.052,1.234,0.052,3.637 s-0.009,2.688-0.052,3.637c-0.04,0.877-0.187,1.354-0.31,1.671c-0.163,0.42-0.358,0.72-0.673,1.035 c-0.315,0.315-0.615,0.51-1.035,0.673c-0.317,0.123-0.794,0.27-1.671,0.31c-0.949,0.043-1.233,0.052-3.637,0.052 s-2.688-0.009-3.637-0.052c-0.877-0.04-1.354-0.187-1.671-0.31c-0.42-0.163-0.72-0.358-1.035-0.673 c-0.315-0.315-0.51-0.615-0.673-1.035c-0.123-0.317-0.27-0.794-0.31-1.671C4.631,14.688,4.622,14.403,4.622,12 s0.009-2.688,0.052-3.637c0.04-0.877,0.187-1.354,0.31-1.671c0.163-0.42,0.358-0.72,0.673-1.035 c0.315-0.315,0.615-0.51,1.035-0.673c0.317-0.123,0.794-0.27,1.671-0.31C9.312,4.631,9.597,4.622,12,4.622 M12,3 C9.556,3,9.249,3.01,8.289,3.054C7.331,3.098,6.677,3.25,6.105,3.472C5.513,3.702,5.011,4.01,4.511,4.511 c-0.5,0.5-0.808,1.002-1.038,1.594C3.25,6.677,3.098,7.331,3.054,8.289C3.01,9.249,3,9.556,3,12c0,2.444,0.01,2.751,0.054,3.711 c0.044,0.958,0.196,1.612,0.418,2.185c0.23,0.592,0.538,1.094,1.038,1.594c0.5,0.5,1.002,0.808,1.594,1.038 c0.572,0.222,1.227,0.375,2.185,0.418C9.249,20.99,9.556,21,12,21s2.751-0.01,3.711-0.054c0.958-0.044,1.612-0.196,2.185-0.418 c0.592-0.23,1.094-0.538,1.594-1.038c0.5-0.5,0.808-1.002,1.038-1.594c0.222-0.572,0.375-1.227,0.418-2.185 C20.99,14.751,21,14.444,21,12s-0.01-2.751-0.054-3.711c-0.044-0.958-0.196-1.612-0.418-2.185c-0.23-0.592-0.538-1.094-1.038-1.594 c-0.5-0.5-1.002-0.808-1.594-1.038c-0.572-0.222-1.227-0.375-2.185-0.418C14.751,3.01,14.444,3,12,3L12,3z M12,7.378 c-2.552,0-4.622,2.069-4.622,4.622S9.448,16.622,12,16.622s4.622-2.069,4.622-4.622S14.552,7.378,12,7.378z M12,15 c-1.657,0-3-1.343-3-3s1.343-3,3-3s3,1.343,3,3S13.657,15,12,15z M16.804,6.116c-0.596,0-1.08,0.484-1.08,1.08 s0.484,1.08,1.08,1.08c0.596,0,1.08-0.484,1.08-1.08S17.401,6.116,16.804,6.116z\"><\/path><\/svg><span class=\"wp-block-social-link-label screen-reader-text\">Instagram<\/span><\/a><\/li>\n\n<li class=\"wp-social-link wp-social-link-facebook  wp-block-social-link\"><a href=\"https:\/\/www.facebook.com\/zanetapawlik.autorka\" class=\"wp-block-social-link-anchor\"><svg width=\"24\" height=\"24\" viewBox=\"0 0 24 24\" version=\"1.1\" xmlns=\"http:\/\/www.w3.org\/2000\/svg\" aria-hidden=\"true\" focusable=\"false\"><path d=\"M12 2C6.5 2 2 6.5 2 12c0 5 3.7 9.1 8.4 9.9v-7H7.9V12h2.5V9.8c0-2.5 1.5-3.9 3.8-3.9 1.1 0 2.2.2 2.2.2v2.5h-1.3c-1.2 0-1.6.8-1.6 1.6V12h2.8l-.4 2.9h-2.3v7C18.3 21.1 22 17 22 12c0-5.5-4.5-10-10-10z\"><\/path><\/svg><span class=\"wp-block-social-link-label screen-reader-text\">Facebook<\/span><\/a><\/li>\n\n<li class=\"wp-social-link wp-social-link-spotify  wp-block-social-link\"><a href=\"https:\/\/open.spotify.com\/show\/0iCjN3XksWnQSuFEkI4KUL\" class=\"wp-block-social-link-anchor\"><svg width=\"24\" height=\"24\" viewBox=\"0 0 24 24\" version=\"1.1\" xmlns=\"http:\/\/www.w3.org\/2000\/svg\" aria-hidden=\"true\" focusable=\"false\"><path d=\"M12,2C6.477,2,2,6.477,2,12c0,5.523,4.477,10,10,10c5.523,0,10-4.477,10-10C22,6.477,17.523,2,12,2 M16.586,16.424 c-0.18,0.295-0.563,0.387-0.857,0.207c-2.348-1.435-5.304-1.76-8.785-0.964c-0.335,0.077-0.67-0.133-0.746-0.469 c-0.077-0.335,0.132-0.67,0.469-0.746c3.809-0.871,7.077-0.496,9.713,1.115C16.673,15.746,16.766,16.13,16.586,16.424 M17.81,13.7 c-0.226,0.367-0.706,0.482-1.072,0.257c-2.687-1.652-6.785-2.131-9.965-1.166C6.36,12.917,5.925,12.684,5.8,12.273 C5.675,11.86,5.908,11.425,6.32,11.3c3.632-1.102,8.147-0.568,11.234,1.328C17.92,12.854,18.035,13.335,17.81,13.7 M17.915,10.865 c-3.223-1.914-8.54-2.09-11.618-1.156C5.804,9.859,5.281,9.58,5.131,9.086C4.982,8.591,5.26,8.069,5.755,7.919 c3.532-1.072,9.404-0.865,13.115,1.338c0.445,0.264,0.59,0.838,0.327,1.282C18.933,10.983,18.359,11.129,17.915,10.865\"><\/path><\/svg><span class=\"wp-block-social-link-label screen-reader-text\">Spotify<\/span><\/a><\/li>\n\n<li class=\"wp-social-link wp-social-link-youtube  wp-block-social-link\"><a href=\"https:\/\/www.youtube.com\/channel\/UCJIUSvwwnVnMMYFxPEooWLg\" class=\"wp-block-social-link-anchor\"><svg width=\"24\" height=\"24\" viewBox=\"0 0 24 24\" version=\"1.1\" xmlns=\"http:\/\/www.w3.org\/2000\/svg\" aria-hidden=\"true\" focusable=\"false\"><path d=\"M21.8,8.001c0,0-0.195-1.378-0.795-1.985c-0.76-0.797-1.613-0.801-2.004-0.847c-2.799-0.202-6.997-0.202-6.997-0.202 h-0.009c0,0-4.198,0-6.997,0.202C4.608,5.216,3.756,5.22,2.995,6.016C2.395,6.623,2.2,8.001,2.2,8.001S2,9.62,2,11.238v1.517 c0,1.618,0.2,3.237,0.2,3.237s0.195,1.378,0.795,1.985c0.761,0.797,1.76,0.771,2.205,0.855c1.6,0.153,6.8,0.201,6.8,0.201 s4.203-0.006,7.001-0.209c0.391-0.047,1.243-0.051,2.004-0.847c0.6-0.607,0.795-1.985,0.795-1.985s0.2-1.618,0.2-3.237v-1.517 C22,9.62,21.8,8.001,21.8,8.001z M9.935,14.594l-0.001-5.62l5.404,2.82L9.935,14.594z\"><\/path><\/svg><span class=\"wp-block-social-link-label screen-reader-text\">YouTube<\/span><\/a><\/li><\/ul>\n\n\n\n<p><\/p>\n","protected":false},"excerpt":{"rendered":"<p>Zapa\u0142 tw\u00f3rczy nie wystarczy do napisania ksi\u0105\u017cki. O tym co zrobi\u0107, \u017ceby fabu\u0142a wci\u0105ga\u0142a, bohaterowie nie byli papierowi, a wreszcie jakimi prawami rz\u0105dzi si\u0119 rynek wydawniczy, opowiadam w bloku Pisanie\/Czytanie oraz w podca\u015bcie Pisarskie Dywagacje. Na ekranie W porannym programie &#8222;Pytanie na \u015aniadanie&#8221; opowiadam o podr\u00f3\u017cy do Chorwacji. Zobacz ile ciekawostek mo\u017cna zmie\u015bci\u0107 w pi\u0119ciu minutach rozmowy. COM.TV o spektaklu \u201ePostmodernistyczne zachowania mi\u0142osne\u201d. Sztuka jest brutalnym opisem emocji os\u00f3b, kt\u00f3re wchodz\u0105 ze sob\u0105 w relacje mi\u0142osne. Powie\u015bci, kt\u00f3re mog\u0105 Ci\u0119 zainteresowa\u0107<\/p>\n","protected":false},"author":1,"featured_media":0,"parent":0,"menu_order":0,"comment_status":"closed","ping_status":"closed","template":"","meta":{"_exactmetrics_skip_tracking":false,"_exactmetrics_sitenote_active":false,"_exactmetrics_sitenote_note":"","_exactmetrics_sitenote_category":0,"_monsterinsights_skip_tracking":false,"_monsterinsights_sitenote_active":false,"_monsterinsights_sitenote_note":"","_monsterinsights_sitenote_category":0,"footnotes":""},"class_list":["post-7","page","type-page","status-publish","hentry"],"yoast_head":"<!-- This site is optimized with the Yoast SEO plugin v27.3 - https:\/\/yoast.com\/product\/yoast-seo-wordpress\/ -->\n<title>O autorce - \u017baneta Pawlik<\/title>\n<meta name=\"description\" content=\"Autorka powie\u015bci obyczajowych, aktorka teatralna, podcasterka, blogerka. Zakochana w Azji Po\u0142ydniowo-Wschodniej.\" \/>\n<meta name=\"robots\" content=\"index, follow, max-snippet:-1, max-image-preview:large, max-video-preview:-1\" \/>\n<link rel=\"canonical\" href=\"https:\/\/zanetapawlik.pl\/index.php\/strona-glowna\/\" \/>\n<meta property=\"og:locale\" content=\"pl_PL\" \/>\n<meta property=\"og:type\" content=\"article\" \/>\n<meta property=\"og:title\" content=\"O autorce - \u017baneta Pawlik\" \/>\n<meta property=\"og:description\" content=\"Autorka powie\u015bci obyczajowych, aktorka teatralna, podcasterka, blogerka. Zakochana w Azji Po\u0142ydniowo-Wschodniej.\" \/>\n<meta property=\"og:url\" content=\"https:\/\/zanetapawlik.pl\/index.php\/strona-glowna\/\" \/>\n<meta property=\"og:site_name\" content=\"\u017baneta Pawlik\" \/>\n<meta property=\"article:modified_time\" content=\"2026-02-23T17:44:38+00:00\" \/>\n<meta property=\"og:image\" content=\"https:\/\/zanetapawlik.pl\/wp-content\/uploads\/2024\/05\/cropped-image1-scaled-1-e1715774910473.jpeg\" \/>\n\t<meta property=\"og:image:width\" content=\"512\" \/>\n\t<meta property=\"og:image:height\" content=\"452\" \/>\n\t<meta property=\"og:image:type\" content=\"image\/jpeg\" \/>\n<meta name=\"twitter:card\" content=\"summary_large_image\" \/>\n<meta name=\"twitter:label1\" content=\"Szacowany czas czytania\" \/>\n\t<meta name=\"twitter:data1\" content=\"3 minuty\" \/>\n<script type=\"application\/ld+json\" class=\"yoast-schema-graph\">{\"@context\":\"https:\\\/\\\/schema.org\",\"@graph\":[{\"@type\":\"WebPage\",\"@id\":\"https:\\\/\\\/zanetapawlik.pl\\\/index.php\\\/strona-glowna\\\/\",\"url\":\"https:\\\/\\\/zanetapawlik.pl\\\/index.php\\\/strona-glowna\\\/\",\"name\":\"O autorce - \u017baneta Pawlik\",\"isPartOf\":{\"@id\":\"https:\\\/\\\/zanetapawlik.pl\\\/#website\"},\"primaryImageOfPage\":{\"@id\":\"https:\\\/\\\/zanetapawlik.pl\\\/index.php\\\/strona-glowna\\\/#primaryimage\"},\"image\":{\"@id\":\"https:\\\/\\\/zanetapawlik.pl\\\/index.php\\\/strona-glowna\\\/#primaryimage\"},\"thumbnailUrl\":\"https:\\\/\\\/zanetapawlik.pl\\\/wp-content\\\/uploads\\\/2024\\\/05\\\/cropped-image1-scaled-1-e1715774910473.jpeg\",\"datePublished\":\"2021-01-26T17:36:50+00:00\",\"dateModified\":\"2026-02-23T17:44:38+00:00\",\"description\":\"Autorka powie\u015bci obyczajowych, aktorka teatralna, podcasterka, blogerka. Zakochana w Azji Po\u0142ydniowo-Wschodniej.\",\"breadcrumb\":{\"@id\":\"https:\\\/\\\/zanetapawlik.pl\\\/index.php\\\/strona-glowna\\\/#breadcrumb\"},\"inLanguage\":\"pl-PL\",\"potentialAction\":[{\"@type\":\"ReadAction\",\"target\":[\"https:\\\/\\\/zanetapawlik.pl\\\/index.php\\\/strona-glowna\\\/\"]}]},{\"@type\":\"ImageObject\",\"inLanguage\":\"pl-PL\",\"@id\":\"https:\\\/\\\/zanetapawlik.pl\\\/index.php\\\/strona-glowna\\\/#primaryimage\",\"url\":\"https:\\\/\\\/zanetapawlik.pl\\\/wp-content\\\/uploads\\\/2024\\\/05\\\/cropped-image1-scaled-1-e1715774910473.jpeg\",\"contentUrl\":\"https:\\\/\\\/zanetapawlik.pl\\\/wp-content\\\/uploads\\\/2024\\\/05\\\/cropped-image1-scaled-1-e1715774910473.jpeg\",\"width\":512,\"height\":452},{\"@type\":\"BreadcrumbList\",\"@id\":\"https:\\\/\\\/zanetapawlik.pl\\\/index.php\\\/strona-glowna\\\/#breadcrumb\",\"itemListElement\":[{\"@type\":\"ListItem\",\"position\":1,\"name\":\"Strona g\u0142\u00f3wna\",\"item\":\"https:\\\/\\\/zanetapawlik.pl\\\/\"},{\"@type\":\"ListItem\",\"position\":2,\"name\":\"O autorce\"}]},{\"@type\":\"WebSite\",\"@id\":\"https:\\\/\\\/zanetapawlik.pl\\\/#website\",\"url\":\"https:\\\/\\\/zanetapawlik.pl\\\/\",\"name\":\"\u017baneta Pawlik\",\"description\":\"Powie\u015bciopisarka\",\"potentialAction\":[{\"@type\":\"SearchAction\",\"target\":{\"@type\":\"EntryPoint\",\"urlTemplate\":\"https:\\\/\\\/zanetapawlik.pl\\\/?s={search_term_string}\"},\"query-input\":{\"@type\":\"PropertyValueSpecification\",\"valueRequired\":true,\"valueName\":\"search_term_string\"}}],\"inLanguage\":\"pl-PL\"}]}<\/script>\n<!-- \/ Yoast SEO plugin. -->","yoast_head_json":{"title":"O autorce - \u017baneta Pawlik","description":"Autorka powie\u015bci obyczajowych, aktorka teatralna, podcasterka, blogerka. Zakochana w Azji Po\u0142ydniowo-Wschodniej.","robots":{"index":"index","follow":"follow","max-snippet":"max-snippet:-1","max-image-preview":"max-image-preview:large","max-video-preview":"max-video-preview:-1"},"canonical":"https:\/\/zanetapawlik.pl\/index.php\/strona-glowna\/","og_locale":"pl_PL","og_type":"article","og_title":"O autorce - \u017baneta Pawlik","og_description":"Autorka powie\u015bci obyczajowych, aktorka teatralna, podcasterka, blogerka. Zakochana w Azji Po\u0142ydniowo-Wschodniej.","og_url":"https:\/\/zanetapawlik.pl\/index.php\/strona-glowna\/","og_site_name":"\u017baneta Pawlik","article_modified_time":"2026-02-23T17:44:38+00:00","og_image":[{"width":512,"height":452,"url":"https:\/\/zanetapawlik.pl\/wp-content\/uploads\/2024\/05\/cropped-image1-scaled-1-e1715774910473.jpeg","type":"image\/jpeg"}],"twitter_card":"summary_large_image","twitter_misc":{"Szacowany czas czytania":"3 minuty"},"schema":{"@context":"https:\/\/schema.org","@graph":[{"@type":"WebPage","@id":"https:\/\/zanetapawlik.pl\/index.php\/strona-glowna\/","url":"https:\/\/zanetapawlik.pl\/index.php\/strona-glowna\/","name":"O autorce - \u017baneta Pawlik","isPartOf":{"@id":"https:\/\/zanetapawlik.pl\/#website"},"primaryImageOfPage":{"@id":"https:\/\/zanetapawlik.pl\/index.php\/strona-glowna\/#primaryimage"},"image":{"@id":"https:\/\/zanetapawlik.pl\/index.php\/strona-glowna\/#primaryimage"},"thumbnailUrl":"https:\/\/zanetapawlik.pl\/wp-content\/uploads\/2024\/05\/cropped-image1-scaled-1-e1715774910473.jpeg","datePublished":"2021-01-26T17:36:50+00:00","dateModified":"2026-02-23T17:44:38+00:00","description":"Autorka powie\u015bci obyczajowych, aktorka teatralna, podcasterka, blogerka. Zakochana w Azji Po\u0142ydniowo-Wschodniej.","breadcrumb":{"@id":"https:\/\/zanetapawlik.pl\/index.php\/strona-glowna\/#breadcrumb"},"inLanguage":"pl-PL","potentialAction":[{"@type":"ReadAction","target":["https:\/\/zanetapawlik.pl\/index.php\/strona-glowna\/"]}]},{"@type":"ImageObject","inLanguage":"pl-PL","@id":"https:\/\/zanetapawlik.pl\/index.php\/strona-glowna\/#primaryimage","url":"https:\/\/zanetapawlik.pl\/wp-content\/uploads\/2024\/05\/cropped-image1-scaled-1-e1715774910473.jpeg","contentUrl":"https:\/\/zanetapawlik.pl\/wp-content\/uploads\/2024\/05\/cropped-image1-scaled-1-e1715774910473.jpeg","width":512,"height":452},{"@type":"BreadcrumbList","@id":"https:\/\/zanetapawlik.pl\/index.php\/strona-glowna\/#breadcrumb","itemListElement":[{"@type":"ListItem","position":1,"name":"Strona g\u0142\u00f3wna","item":"https:\/\/zanetapawlik.pl\/"},{"@type":"ListItem","position":2,"name":"O autorce"}]},{"@type":"WebSite","@id":"https:\/\/zanetapawlik.pl\/#website","url":"https:\/\/zanetapawlik.pl\/","name":"\u017baneta Pawlik","description":"Powie\u015bciopisarka","potentialAction":[{"@type":"SearchAction","target":{"@type":"EntryPoint","urlTemplate":"https:\/\/zanetapawlik.pl\/?s={search_term_string}"},"query-input":{"@type":"PropertyValueSpecification","valueRequired":true,"valueName":"search_term_string"}}],"inLanguage":"pl-PL"}]}},"_links":{"self":[{"href":"https:\/\/zanetapawlik.pl\/index.php\/wp-json\/wp\/v2\/pages\/7","targetHints":{"allow":["GET"]}}],"collection":[{"href":"https:\/\/zanetapawlik.pl\/index.php\/wp-json\/wp\/v2\/pages"}],"about":[{"href":"https:\/\/zanetapawlik.pl\/index.php\/wp-json\/wp\/v2\/types\/page"}],"author":[{"embeddable":true,"href":"https:\/\/zanetapawlik.pl\/index.php\/wp-json\/wp\/v2\/users\/1"}],"replies":[{"embeddable":true,"href":"https:\/\/zanetapawlik.pl\/index.php\/wp-json\/wp\/v2\/comments?post=7"}],"version-history":[{"count":281,"href":"https:\/\/zanetapawlik.pl\/index.php\/wp-json\/wp\/v2\/pages\/7\/revisions"}],"predecessor-version":[{"id":2507,"href":"https:\/\/zanetapawlik.pl\/index.php\/wp-json\/wp\/v2\/pages\/7\/revisions\/2507"}],"wp:attachment":[{"href":"https:\/\/zanetapawlik.pl\/index.php\/wp-json\/wp\/v2\/media?parent=7"}],"curies":[{"name":"wp","href":"https:\/\/api.w.org\/{rel}","templated":true}]}}